{"id":901,"date":"2024-07-06T15:01:40","date_gmt":"2024-07-06T15:01:40","guid":{"rendered":"https:\/\/solutions-hr.com\/?page_id=901"},"modified":"2024-07-24T07:19:37","modified_gmt":"2024-07-24T07:19:37","slug":"remedii-naturale","status":"publish","type":"page","link":"https:\/\/smarted.smartonlineedu.com\/index.php\/remedii-naturale\/","title":{"rendered":"Remedii Naturale"},"content":{"rendered":"\n<div class=\"wp-block-cover alignfull is-light\" style=\"min-height:600px;aspect-ratio:unset;\"><span aria-hidden=\"true\" class=\"wp-block-cover__background has-nv-light-bg-background-color has-background-dim\"><\/span><img loading=\"lazy\" decoding=\"async\" width=\"194\" height=\"183\" class=\"wp-block-cover__image-background wp-image-98\" alt=\"\" src=\"https:\/\/smarted.smartonlineedu.com\/wp-content\/uploads\/2024\/04\/vilagoskek.jpg\" data-object-fit=\"cover\"\/><div class=\"wp-block-cover__inner-container is-layout-flow wp-block-cover-is-layout-flow\">\n<div class=\"wp-block-group\"><div class=\"wp-block-group__inner-container is-layout-flow wp-block-group-is-layout-flow\">\n<div style=\"height:80px\" aria-hidden=\"true\" class=\"wp-block-spacer\"><\/div>\n\n\n\n<div class=\"wp-block-columns are-vertically-aligned-center is-layout-flex wp-container-core-columns-is-layout-9d6595d7 wp-block-columns-is-layout-flex\">\n<div class=\"wp-block-column is-vertically-aligned-center is-layout-flow wp-block-column-is-layout-flow\" style=\"flex-basis:50%\">\n<figure class=\"wp-block-image size-large is-resized\"><img loading=\"lazy\" decoding=\"async\" width=\"768\" height=\"1024\" src=\"https:\/\/smarted.smartonlineedu.com\/wp-content\/uploads\/2024\/04\/borviz-768x1024.jpg\" alt=\"\" class=\"wp-image-61\" style=\"width:419px;height:auto\" srcset=\"https:\/\/smarted.smartonlineedu.com\/wp-content\/uploads\/2024\/04\/borviz-768x1024.jpg 768w, https:\/\/smarted.smartonlineedu.com\/wp-content\/uploads\/2024\/04\/borviz-225x300.jpg 225w, https:\/\/smarted.smartonlineedu.com\/wp-content\/uploads\/2024\/04\/borviz-1152x1536.jpg 1152w, https:\/\/smarted.smartonlineedu.com\/wp-content\/uploads\/2024\/04\/borviz-1536x2048.jpg 1536w, https:\/\/smarted.smartonlineedu.com\/wp-content\/uploads\/2024\/04\/borviz-scaled.jpg 1920w\" sizes=\"auto, (max-width: 768px) 100vw, 768px\" \/><\/figure>\n<\/div>\n\n\n\n<div class=\"wp-block-column is-vertically-aligned-center is-layout-flow wp-block-column-is-layout-flow\" style=\"flex-basis:50%\">\n<h2 class=\"wp-block-heading has-text-align-center has-neve-text-color-color has-text-color\"><mark style=\"background-color:rgba(0, 0, 0, 0)\" class=\"has-inline-color has-nv-dark-bg-color\">Ape minerale<\/mark><\/h2>\n\n\n\n<p class=\"has-neve-text-color-color has-text-color\">Jude\u021bul Harghita ocup\u0103 un loc aparte pe harta turismului balnear, gra\u021bie resurselor sale abundente de ap\u0103 mineral\u0103.<\/p>\n\n\n\n<p class=\"has-neve-text-color-color has-text-color\">Datorit\u0103 particularit\u0103\u021bilor geologice, peste o mie de izvoare de ap\u0103 mineral\u0103 izbucnesc la suprafa\u021b\u0103, fiecare av\u00e2nd o compozi\u021bie unic\u0103 ce contribuie la men\u021binerea s\u0103n\u0103t\u0103\u021bii.<\/p>\n\n\n\n<p class=\"has-neve-text-color-color has-text-color\">Apele minerale locale, precum cele provenite din Bilbor, Borsec, Tu\u0219nad, Tulghe\u0219 \u0219i altele, cu un con\u021binut ridicat de minerale, sunt deosebit de potrivite pentru prevenirea \u0219i tratarea unei variet\u0103\u021bi de afec\u021biuni medicale.<\/p>\n\n\n\n<div class=\"wp-block-buttons is-layout-flex wp-block-buttons-is-layout-flex\">\n<div class=\"wp-block-button is-style-primary\"><a class=\"wp-block-button__link wp-element-button\" href=\"https:\/\/smarted.smartonlineedu.com\/index.php\/asvanyvizfurdok\/\" target=\"_blank\" rel=\"noreferrer noopener\">AFL\u0102 MAI MULT<\/a><\/div>\n<\/div>\n<\/div>\n<\/div>\n\n\n\n<div style=\"height:40px\" aria-hidden=\"true\" class=\"wp-block-spacer\"><\/div>\n<\/div><\/div>\n<\/div><\/div>\n\n\n\n<div class=\"wp-block-cover alignfull is-light\" style=\"min-height:600px;aspect-ratio:unset;\"><span aria-hidden=\"true\" class=\"wp-block-cover__background has-background-dim\" style=\"background-color:#2b98cd\"><\/span><img loading=\"lazy\" decoding=\"async\" width=\"300\" height=\"168\" class=\"wp-block-cover__image-background wp-image-99\" alt=\"\" src=\"https:\/\/smarted.smartonlineedu.com\/wp-content\/uploads\/2024\/04\/zold-sarga.jpg\" data-object-fit=\"cover\"\/><div class=\"wp-block-cover__inner-container is-layout-flow wp-block-cover-is-layout-flow\">\n<div class=\"wp-block-group\"><div class=\"wp-block-group__inner-container is-layout-flow wp-block-group-is-layout-flow\">\n<div style=\"height:80px\" aria-hidden=\"true\" class=\"wp-block-spacer\"><\/div>\n\n\n\n<div class=\"wp-block-columns are-vertically-aligned-center is-layout-flex wp-container-core-columns-is-layout-9d6595d7 wp-block-columns-is-layout-flex\">\n<div class=\"wp-block-column is-vertically-aligned-center is-layout-flow wp-block-column-is-layout-flow\" style=\"flex-basis:50%\">\n<h2 class=\"wp-block-heading has-nv-text-dark-bg-color has-text-color\">Terapie Climatic\u0103<\/h2>\n\n\n\n<p class=\"has-nv-text-dark-bg-color has-text-color\">Clima unic\u0103 a jude\u021bului Harghita are un efect pozitiv asupra s\u0103n\u0103t\u0103\u021bii celor care sufer\u0103 de afec\u021biuni respiratorii, sprijinind cur\u0103\u021barea natural\u0103 a c\u0103ilor respiratorii \u0219i \u00eent\u0103rirea sistemului imunitar.<\/p>\n\n\n\n<p><mark style=\"background-color:rgba(0, 0, 0, 0)\" class=\"has-inline-color has-nv-site-bg-color\">Aerul proasp\u0103t \u0219i curat din zonele montane \u0219i \u00eemp\u0103durite \u00eembun\u0103t\u0103\u021be\u0219te starea general\u0103 de bine, ajut\u0103 la reducerea stresului \u0219i cre\u0219te calitatea odihnei.<\/mark><\/p>\n\n\n\n<p class=\"has-nv-text-dark-bg-color has-text-color\">Acest factor natural terapeutic favorizeaz\u0103 regenerarea fizic\u0103 \u0219i mental\u0103, \u00eembun\u0103t\u0103\u021bind astfel calitatea vie\u021bii \u0219i \u00eent\u0103rind capacitatea natural\u0103 de rezisten\u021b\u0103 a organismului.<\/p>\n\n\n\n<div style=\"height:20px\" aria-hidden=\"true\" class=\"wp-block-spacer\"><\/div>\n\n\n\n<div class=\"wp-block-buttons is-layout-flex wp-block-buttons-is-layout-flex\">\n<div class=\"wp-block-button is-style-primary\"><a class=\"wp-block-button__link wp-element-button\" href=\"https:\/\/smarted.smartonlineedu.com\/index.php\/klimaterapia\/\" target=\"_blank\" rel=\"noreferrer noopener\">AFL\u0102 MAI MULT<\/a><\/div>\n<\/div>\n\n\n\n<div style=\"height:20px\" aria-hidden=\"true\" class=\"wp-block-spacer\"><\/div>\n<\/div>\n\n\n\n<div class=\"wp-block-column is-vertically-aligned-center is-layout-flow wp-block-column-is-layout-flow\" style=\"flex-basis:50%\">\n<figure class=\"wp-block-image size-large\"><img loading=\"lazy\" decoding=\"async\" width=\"1024\" height=\"768\" src=\"https:\/\/smarted.smartonlineedu.com\/wp-content\/uploads\/2024\/04\/madarasi-sipalya-1024x768.jpg\" alt=\"\" class=\"wp-image-63\" srcset=\"https:\/\/smarted.smartonlineedu.com\/wp-content\/uploads\/2024\/04\/madarasi-sipalya-1024x768.jpg 1024w, https:\/\/smarted.smartonlineedu.com\/wp-content\/uploads\/2024\/04\/madarasi-sipalya-300x225.jpg 300w, https:\/\/smarted.smartonlineedu.com\/wp-content\/uploads\/2024\/04\/madarasi-sipalya-768x576.jpg 768w, https:\/\/smarted.smartonlineedu.com\/wp-content\/uploads\/2024\/04\/madarasi-sipalya-1536x1152.jpg 1536w, https:\/\/smarted.smartonlineedu.com\/wp-content\/uploads\/2024\/04\/madarasi-sipalya-2048x1536.jpg 2048w\" sizes=\"auto, (max-width: 1024px) 100vw, 1024px\" \/><\/figure>\n<\/div>\n<\/div>\n\n\n\n<div style=\"height:40px\" aria-hidden=\"true\" class=\"wp-block-spacer\"><\/div>\n<\/div><\/div>\n<\/div><\/div>\n\n\n\n<div class=\"wp-block-cover alignfull\" style=\"min-height:600px;aspect-ratio:unset;\"><span aria-hidden=\"true\" class=\"wp-block-cover__background has-nv-light-bg-background-color has-background-dim-100 has-background-dim\"><\/span><div class=\"wp-block-cover__inner-container is-layout-flow wp-block-cover-is-layout-flow\">\n<div class=\"wp-block-group\"><div class=\"wp-block-group__inner-container is-layout-flow wp-block-group-is-layout-flow\">\n<div style=\"height:80px\" aria-hidden=\"true\" class=\"wp-block-spacer\"><\/div>\n\n\n\n<div class=\"wp-block-columns are-vertically-aligned-center is-layout-flex wp-container-core-columns-is-layout-9d6595d7 wp-block-columns-is-layout-flex\">\n<div class=\"wp-block-column is-vertically-aligned-center is-layout-flow wp-block-column-is-layout-flow\" style=\"flex-basis:50%\">\n<figure class=\"wp-block-image size-full is-resized size-large\"><img loading=\"lazy\" decoding=\"async\" width=\"900\" height=\"675\" src=\"https:\/\/smarted.smartonlineedu.com\/wp-content\/uploads\/2024\/04\/sobanya.jpg\" alt=\"\" class=\"wp-image-65\" style=\"width:419px;height:auto\" srcset=\"https:\/\/smarted.smartonlineedu.com\/wp-content\/uploads\/2024\/04\/sobanya.jpg 900w, https:\/\/smarted.smartonlineedu.com\/wp-content\/uploads\/2024\/04\/sobanya-300x225.jpg 300w, https:\/\/smarted.smartonlineedu.com\/wp-content\/uploads\/2024\/04\/sobanya-768x576.jpg 768w\" sizes=\"auto, (max-width: 900px) 100vw, 900px\" \/><\/figure>\n<\/div>\n\n\n\n<div class=\"wp-block-column is-vertically-aligned-center is-layout-flow wp-block-column-is-layout-flow\" style=\"flex-basis:50%\">\n<h2 class=\"wp-block-heading has-neve-text-color-color has-text-color\">Terapie cu sare<\/h2>\n\n\n\n<p class=\"has-neve-text-color-color has-text-color\">Posibilit\u0103\u021bile de terapie cu sare din jude\u021bul Harghita au un efect deosebit de pozitiv asupra tratamentului \u0219i prevenirii afec\u021biunilor respiratorii.<\/p>\n\n\n\n<p><mark style=\"background-color:rgba(0, 0, 0, 0)\" class=\"has-inline-color has-nv-dark-bg-color\">Microclimatul din minele \u0219i camerele de sare ajut\u0103 la cur\u0103\u021barea c\u0103ilor respiratorii, reduce simptomele alergice \u0219i \u00eembun\u0103t\u0103\u021be\u0219te func\u021bia respiratorie.<\/mark><\/p>\n\n\n\n<p class=\"has-neve-text-color-color has-text-color\">\u00cen plus, terapia cu sare favorizeaz\u0103 relaxarea \u0219i bun\u0103starea mental\u0103, sprijinind astfel reducerea stresului \u0219i men\u021binerea s\u0103n\u0103t\u0103\u021bii generale.<\/p>\n\n\n\n<div class=\"wp-block-buttons is-layout-flex wp-block-buttons-is-layout-flex\">\n<div class=\"wp-block-button is-style-primary\"><a class=\"wp-block-button__link wp-element-button\" href=\"https:\/\/smarted.smartonlineedu.com\/index.php\/sokamrak\/\" target=\"_blank\" rel=\"noreferrer noopener\">AFL\u0102 MAI MULT<\/a><\/div>\n<\/div>\n<\/div>\n<\/div>\n\n\n\n<div style=\"height:40px\" aria-hidden=\"true\" class=\"wp-block-spacer\"><\/div>\n<\/div><\/div>\n<\/div><\/div>\n\n\n\n<div class=\"wp-block-cover alignfull\" style=\"min-height:600px;aspect-ratio:unset;\"><span aria-hidden=\"true\" class=\"wp-block-cover__background has-background-dim\" style=\"background-color:#2b98cd\"><\/span><img loading=\"lazy\" decoding=\"async\" width=\"204\" height=\"192\" class=\"wp-block-cover__image-background wp-image-96\" alt=\"\" src=\"https:\/\/smarted.smartonlineedu.com\/wp-content\/uploads\/2024\/04\/kek.jpg\" data-object-fit=\"cover\"\/><div class=\"wp-block-cover__inner-container is-layout-flow wp-block-cover-is-layout-flow\">\n<div class=\"wp-block-group\"><div class=\"wp-block-group__inner-container is-layout-flow wp-block-group-is-layout-flow\">\n<div style=\"height:80px\" aria-hidden=\"true\" class=\"wp-block-spacer\"><\/div>\n\n\n\n<div class=\"wp-block-columns are-vertically-aligned-center is-layout-flex wp-container-core-columns-is-layout-9d6595d7 wp-block-columns-is-layout-flex\">\n<div class=\"wp-block-column is-vertically-aligned-center is-layout-flow wp-block-column-is-layout-flow\" style=\"flex-basis:50%\">\n<h2 class=\"wp-block-heading has-nv-text-dark-bg-color has-text-color\">B\u0103i<\/h2>\n\n\n\n<p class=\"has-nv-text-dark-bg-color has-text-color\">B\u0103ile din jude\u021bul Harghita joac\u0103 un rol semnificativ \u00een turismul de s\u0103n\u0103tate local, unde apele termale \u0219i b\u0103ile terapeutice au un efect benefic asupra afec\u021biunilor articulare \u0219i reumatice.<\/p>\n\n\n\n<p><mark style=\"background-color:rgba(0, 0, 0, 0)\" class=\"has-inline-color has-nv-site-bg-color\">Apele cu diferite temperaturi \u0219i compozi\u021bii minerale ajut\u0103 la promovarea proceselor de vindecare \u0219i la regenerarea fizic\u0103 \u0219i mental\u0103.<\/mark><\/p>\n\n\n\n<p class=\"has-nv-text-dark-bg-color has-text-color\">Astfel, b\u0103ile atrag vizitatori nu doar pentru scopuri terapeutice, ci \u0219i ca destina\u021bii de relaxare \u0219i wellness, contribuind la atractivitatea turistic\u0103 \u0219i dezvoltarea economic\u0103 a regiunii.<\/p>\n\n\n\n<div style=\"height:20px\" aria-hidden=\"true\" class=\"wp-block-spacer\"><\/div>\n\n\n\n<div class=\"wp-block-buttons is-layout-flex wp-block-buttons-is-layout-flex\">\n<div class=\"wp-block-button is-style-primary\"><a class=\"wp-block-button__link wp-element-button\" href=\"https:\/\/smarted.smartonlineedu.com\/index.php\/asvanyvizfurdok\/\" target=\"_blank\" rel=\"noreferrer noopener\">AFL\u0102 MAI MULT<\/a><\/div>\n<\/div>\n\n\n\n<div style=\"height:20px\" aria-hidden=\"true\" class=\"wp-block-spacer\"><\/div>\n<\/div>\n\n\n\n<div class=\"wp-block-column is-vertically-aligned-center is-layout-flow wp-block-column-is-layout-flow\" style=\"flex-basis:50%\">\n<figure class=\"wp-block-image size-large\"><img loading=\"lazy\" decoding=\"async\" width=\"1024\" height=\"683\" src=\"https:\/\/smarted.smartonlineedu.com\/wp-content\/uploads\/2024\/04\/gyogyfurdok-korond-1024x683.jpg\" alt=\"\" class=\"wp-image-62\" srcset=\"https:\/\/smarted.smartonlineedu.com\/wp-content\/uploads\/2024\/04\/gyogyfurdok-korond-1024x683.jpg 1024w, https:\/\/smarted.smartonlineedu.com\/wp-content\/uploads\/2024\/04\/gyogyfurdok-korond-300x200.jpg 300w, https:\/\/smarted.smartonlineedu.com\/wp-content\/uploads\/2024\/04\/gyogyfurdok-korond-768x512.jpg 768w, https:\/\/smarted.smartonlineedu.com\/wp-content\/uploads\/2024\/04\/gyogyfurdok-korond-930x620.jpg 930w, https:\/\/smarted.smartonlineedu.com\/wp-content\/uploads\/2024\/04\/gyogyfurdok-korond.jpg 1080w\" sizes=\"auto, (max-width: 1024px) 100vw, 1024px\" \/><\/figure>\n<\/div>\n<\/div>\n\n\n\n<div style=\"height:40px\" aria-hidden=\"true\" class=\"wp-block-spacer\"><\/div>\n<\/div><\/div>\n<\/div><\/div>\n\n\n\n<div class=\"wp-block-cover alignfull is-light\" style=\"min-height:600px;aspect-ratio:unset;\"><span aria-hidden=\"true\" class=\"wp-block-cover__background has-background-dim\" style=\"background-color:#2b98cd\"><\/span><img loading=\"lazy\" decoding=\"async\" width=\"257\" height=\"196\" class=\"wp-block-cover__image-background wp-image-109\" alt=\"\" src=\"https:\/\/smarted.smartonlineedu.com\/wp-content\/uploads\/2024\/04\/mofetta.jpg\" data-object-fit=\"cover\"\/><div class=\"wp-block-cover__inner-container is-layout-flow wp-block-cover-is-layout-flow\">\n<div class=\"wp-block-group\"><div class=\"wp-block-group__inner-container is-layout-flow wp-block-group-is-layout-flow\">\n<div class=\"wp-block-columns are-vertically-aligned-center is-layout-flex wp-container-core-columns-is-layout-9d6595d7 wp-block-columns-is-layout-flex\">\n<div class=\"wp-block-column is-vertically-aligned-center is-layout-flow wp-block-column-is-layout-flow\" style=\"flex-basis:50%\">\n<div class=\"wp-block-uagb-image uagb-block-24d284f7 wp-block-uagb-image--layout-default wp-block-uagb-image--effect-static wp-block-uagb-image--align-none\"><figure class=\"wp-block-uagb-image__figure\"><img decoding=\"async\" srcset=\"https:\/\/smarted.smartonlineedu.com\/wp-content\/uploads\/2024\/04\/mofetta-zsogod.jpg ,https:\/\/smarted.smartonlineedu.com\/wp-content\/uploads\/2024\/04\/mofetta-zsogod.jpg 780w, https:\/\/smarted.smartonlineedu.com\/wp-content\/uploads\/2024\/04\/mofetta-zsogod.jpg 360w\" sizes=\"auto, (max-width: 480px) 150px\" src=\"https:\/\/smarted.smartonlineedu.com\/wp-content\/uploads\/2024\/04\/mofetta-zsogod.jpg\" alt=\"\" class=\"uag-image-64\" width=\"680\" height=\"480\" title=\"mofetta-zsogod\" loading=\"lazy\" role=\"img\"\/><\/figure><\/div>\n<\/div>\n\n\n\n<div class=\"wp-block-column is-vertically-aligned-center is-layout-flow wp-block-column-is-layout-flow\" style=\"flex-basis:50%\">\n<h2 class=\"wp-block-heading\">Mofete<\/h2>\n\n\n\n<p>Mofetele din jude\u021bul Harghita, adic\u0103 emisiile de gaze bogate \u00een dioxid de carbon folosite ca b\u0103i uscate, sunt loca\u021bii naturale de tratament deosebite.<\/p>\n\n\n\n<p>Aceste gaze subterane ajut\u0103 eficient la tratarea afec\u021biunilor cardiovasculare, \u00eembun\u0103t\u0103\u021besc circula\u021bia s\u00e2ngelui \u0219i detoxific\u0103 organismul.<\/p>\n\n\n\n<p>Utilizarea mofetelor nu ofer\u0103 doar beneficii medicale, ci \u00eembun\u0103t\u0103\u021be\u0219te semnificativ rezisten\u021ba fizic\u0103 \u0219i starea general\u0103 de bine, f\u0103c\u00e2nd astfel regiunea o destina\u021bie atractiv\u0103 pentru turismul de s\u0103n\u0103tate.<\/p>\n\n\n\n<div class=\"wp-block-buttons is-layout-flex wp-block-buttons-is-layout-flex\">\n<div class=\"wp-block-button is-style-primary\"><a class=\"wp-block-button__link wp-element-button\" href=\"https:\/\/smarted.smartonlineedu.com\/index.php\/mofettak\/\">AFL\u0102 MAI MULT<\/a><\/div>\n<\/div>\n<\/div>\n<\/div>\n\n\n\n<div style=\"height:40px\" aria-hidden=\"true\" class=\"wp-block-spacer\"><\/div>\n<\/div><\/div>\n<\/div><\/div>\n\n\n\n<div class=\"wp-block-cover alignfull\" style=\"min-height:600px;aspect-ratio:unset;\"><span aria-hidden=\"true\" class=\"wp-block-cover__background has-background-dim\" style=\"background-color:#2b98cd\"><\/span><img loading=\"lazy\" decoding=\"async\" width=\"225\" height=\"225\" class=\"wp-block-cover__image-background wp-image-110\" alt=\"\" src=\"https:\/\/smarted.smartonlineedu.com\/wp-content\/uploads\/2024\/04\/barna.jpg\" data-object-fit=\"cover\" srcset=\"https:\/\/smarted.smartonlineedu.com\/wp-content\/uploads\/2024\/04\/barna.jpg 225w, https:\/\/smarted.smartonlineedu.com\/wp-content\/uploads\/2024\/04\/barna-150x150.jpg 150w\" sizes=\"auto, (max-width: 225px) 100vw, 225px\" \/><div class=\"wp-block-cover__inner-container is-layout-flow wp-block-cover-is-layout-flow\">\n<div class=\"wp-block-group\"><div class=\"wp-block-group__inner-container is-layout-flow wp-block-group-is-layout-flow\">\n<div style=\"height:80px\" aria-hidden=\"true\" class=\"wp-block-spacer\"><\/div>\n\n\n\n<div class=\"wp-block-columns are-vertically-aligned-center is-layout-flex wp-container-core-columns-is-layout-9d6595d7 wp-block-columns-is-layout-flex\">\n<div class=\"wp-block-column is-vertically-aligned-center is-layout-flow wp-block-column-is-layout-flow\" style=\"flex-basis:50%\">\n<h2 class=\"wp-block-heading has-nv-text-dark-bg-color has-text-color\">Hipoterapie<\/h2>\n\n\n\n<p class=\"has-nv-text-dark-bg-color has-text-color\">Hipoterapia este o metod\u0103 terapeutic\u0103 complex\u0103, bazat\u0103 pe interac\u021biunile dintre cai \u0219i oameni.<br>Poate fi aplicat\u0103 sub formele de hipoterapie, echita\u021bie terapeutic\u0103, voltij\u0103 \u0219i psihoterapie ecvestr\u0103, fiecare av\u00e2nd obiectivele sale specifice.<\/p>\n\n\n\n<div style=\"height:20px\" aria-hidden=\"true\" class=\"wp-block-spacer\"><\/div>\n\n\n\n<div class=\"wp-block-buttons is-layout-flex wp-block-buttons-is-layout-flex\">\n<div class=\"wp-block-button is-style-primary\"><a class=\"wp-block-button__link wp-element-button\" href=\"https:\/\/smarted.smartonlineedu.com\/index.php\/lovasterapia\/\" target=\"_blank\" rel=\"noreferrer noopener\">AFL\u0102 MAI MULT<\/a><\/div>\n<\/div>\n\n\n\n<div style=\"height:20px\" aria-hidden=\"true\" class=\"wp-block-spacer\"><\/div>\n<\/div>\n\n\n\n<div class=\"wp-block-column is-vertically-aligned-center is-layout-flow wp-block-column-is-layout-flow\" style=\"flex-basis:50%\"><div class=\"wp-block-image\">\n<figure class=\"aligncenter size-full is-resized\"><img loading=\"lazy\" decoding=\"async\" width=\"1024\" height=\"1024\" src=\"https:\/\/smarted.smartonlineedu.com\/wp-content\/uploads\/2024\/04\/DALL\u00b7E-2024-04-06-15.08.05-A-tranquil-and-healing-setting-outdoors-featuring-a-gentle-brown-horse-and-a-child-wearing-a-helmet-both-surrounded-by-lush-greenery.-The-child-is-s.webp\" alt=\"\" class=\"wp-image-68\" style=\"width:374px;height:auto\" srcset=\"https:\/\/smarted.smartonlineedu.com\/wp-content\/uploads\/2024\/04\/DALL\u00b7E-2024-04-06-15.08.05-A-tranquil-and-healing-setting-outdoors-featuring-a-gentle-brown-horse-and-a-child-wearing-a-helmet-both-surrounded-by-lush-greenery.-The-child-is-s.webp 1024w, https:\/\/smarted.smartonlineedu.com\/wp-content\/uploads\/2024\/04\/DALL\u00b7E-2024-04-06-15.08.05-A-tranquil-and-healing-setting-outdoors-featuring-a-gentle-brown-horse-and-a-child-wearing-a-helmet-both-surrounded-by-lush-greenery.-The-child-is-s-300x300.webp 300w, https:\/\/smarted.smartonlineedu.com\/wp-content\/uploads\/2024\/04\/DALL\u00b7E-2024-04-06-15.08.05-A-tranquil-and-healing-setting-outdoors-featuring-a-gentle-brown-horse-and-a-child-wearing-a-helmet-both-surrounded-by-lush-greenery.-The-child-is-s-150x150.webp 150w, https:\/\/smarted.smartonlineedu.com\/wp-content\/uploads\/2024\/04\/DALL\u00b7E-2024-04-06-15.08.05-A-tranquil-and-healing-setting-outdoors-featuring-a-gentle-brown-horse-and-a-child-wearing-a-helmet-both-surrounded-by-lush-greenery.-The-child-is-s-768x768.webp 768w\" sizes=\"auto, (max-width: 1024px) 100vw, 1024px\" \/><\/figure>\n<\/div><\/div>\n<\/div>\n\n\n\n<div style=\"height:40px\" aria-hidden=\"true\" class=\"wp-block-spacer\"><\/div>\n<\/div><\/div>\n<\/div><\/div>\n","protected":false},"excerpt":{"rendered":"","protected":false},"author":1,"featured_media":0,"parent":0,"menu_order":0,"comment_status":"closed","ping_status":"closed","template":"","meta":{"_coblocks_attr":"","_coblocks_dimensions":"","_coblocks_responsive_height":"","_coblocks_accordion_ie_support":"","_eb_attr":"","_uag_custom_page_level_css":"","advgb_blocks_editor_width":"","advgb_blocks_columns_visual_guide":"","neve_meta_sidebar":"","neve_meta_container":"","neve_meta_enable_content_width":"on","neve_meta_content_width":100,"neve_meta_title_alignment":"","neve_meta_author_avatar":"","neve_post_elements_order":"","neve_meta_disable_header":"","neve_meta_disable_footer":"","neve_meta_disable_title":"on","_themeisle_gutenberg_block_has_review":false,"footnotes":""},"class_list":["post-901","page","type-page","status-publish","hentry"],"uagb_featured_image_src":{"full":false,"thumbnail":false,"medium":false,"medium_large":false,"large":false,"1536x1536":false,"2048x2048":false,"neve-blog":false},"uagb_author_info":{"display_name":"admin","author_link":"https:\/\/smarted.smartonlineedu.com\/index.php\/author\/admin_8iq54gse\/"},"uagb_comment_info":0,"uagb_excerpt":null,"coauthors":[],"author_meta":{"author_link":"https:\/\/smarted.smartonlineedu.com\/index.php\/author\/admin_8iq54gse\/","display_name":"admin"},"relative_dates":{"created":"Posted 2 \u00e9v ago","modified":"Updated 2 \u00e9v ago"},"absolute_dates":{"created":"Posted on j\u00falius 6, 2024","modified":"Updated on j\u00falius 24, 2024"},"absolute_dates_time":{"created":"Posted on j\u00falius 6, 2024 3:01 du.","modified":"Updated on j\u00falius 24, 2024 7:19 de."},"featured_img_caption":"","featured_img":false,"series_order":"","_links":{"self":[{"href":"https:\/\/smarted.smartonlineedu.com\/index.php\/wp-json\/wp\/v2\/pages\/901","targetHints":{"allow":["GET"]}}],"collection":[{"href":"https:\/\/smarted.smartonlineedu.com\/index.php\/wp-json\/wp\/v2\/pages"}],"about":[{"href":"https:\/\/smarted.smartonlineedu.com\/index.php\/wp-json\/wp\/v2\/types\/page"}],"author":[{"embeddable":true,"href":"https:\/\/smarted.smartonlineedu.com\/index.php\/wp-json\/wp\/v2\/users\/1"}],"replies":[{"embeddable":true,"href":"https:\/\/smarted.smartonlineedu.com\/index.php\/wp-json\/wp\/v2\/comments?post=901"}],"version-history":[{"count":8,"href":"https:\/\/smarted.smartonlineedu.com\/index.php\/wp-json\/wp\/v2\/pages\/901\/revisions"}],"predecessor-version":[{"id":1024,"href":"https:\/\/smarted.smartonlineedu.com\/index.php\/wp-json\/wp\/v2\/pages\/901\/revisions\/1024"}],"wp:attachment":[{"href":"https:\/\/smarted.smartonlineedu.com\/index.php\/wp-json\/wp\/v2\/media?parent=901"}],"curies":[{"name":"wp","href":"https:\/\/api.w.org\/{rel}","templated":true}]}}