{"id":878,"date":"2024-07-06T14:38:06","date_gmt":"2024-07-06T14:38:06","guid":{"rendered":"https:\/\/solutions-hr.com\/?page_id=878"},"modified":"2024-07-24T07:42:18","modified_gmt":"2024-07-24T07:42:18","slug":"mofete-elixirul-secret-al-vindecarii-din-judetul-harghita","status":"publish","type":"page","link":"https:\/\/smarted.smartonlineedu.com\/index.php\/remedii-naturale\/mofete-elixirul-secret-al-vindecarii-din-judetul-harghita\/","title":{"rendered":"Mofete"},"content":{"rendered":"\n<h2 class=\"wp-block-heading\">Mofete &#8211; Elixirul secret al vindec\u0103rii din jude\u021bul Harghita<\/h2>\n\n\n\n<div class=\"wp-block-cover alignfull is-light\" style=\"min-height:600px;aspect-ratio:unset;\"><span aria-hidden=\"true\" class=\"wp-block-cover__background has-nv-light-bg-background-color has-background-dim\"><\/span><img loading=\"lazy\" decoding=\"async\" width=\"257\" height=\"196\" class=\"wp-block-cover__image-background wp-image-109\" alt=\"\" src=\"https:\/\/smarted.smartonlineedu.com\/wp-content\/uploads\/2024\/04\/mofetta.jpg\" data-object-fit=\"cover\"\/><div class=\"wp-block-cover__inner-container is-layout-flow wp-block-cover-is-layout-flow\">\n<div class=\"wp-block-group\"><div class=\"wp-block-group__inner-container is-layout-flow wp-block-group-is-layout-flow\">\n<div class=\"wp-block-columns are-vertically-aligned-center is-layout-flex wp-container-core-columns-is-layout-9d6595d7 wp-block-columns-is-layout-flex\">\n<div class=\"wp-block-column is-vertically-aligned-center is-layout-flow wp-block-column-is-layout-flow\" style=\"flex-basis:50%\"><div class=\"wp-block-image size-large\">\n<figure class=\"aligncenter size-full is-resized\"><img loading=\"lazy\" decoding=\"async\" width=\"680\" height=\"480\" src=\"https:\/\/smarted.smartonlineedu.com\/wp-content\/uploads\/2024\/05\/mofettak.jpg\" alt=\"\" class=\"wp-image-210\" style=\"width:517px;height:auto\" srcset=\"https:\/\/smarted.smartonlineedu.com\/wp-content\/uploads\/2024\/05\/mofettak.jpg 680w, https:\/\/smarted.smartonlineedu.com\/wp-content\/uploads\/2024\/05\/mofettak-300x212.jpg 300w\" sizes=\"auto, (max-width: 680px) 100vw, 680px\" \/><figcaption class=\"wp-element-caption\"><strong>Surs\u0103: <\/strong><a href=\"https:\/\/visitharghita.ro\/\" data-type=\"link\" data-id=\"https:\/\/visitharghita.ro\/\" target=\"_blank\" rel=\"noreferrer noopener\"><kbd>visitharghita<\/kbd><\/a><\/figcaption><\/figure>\n<\/div><\/div>\n\n\n\n<div class=\"wp-block-column is-vertically-aligned-center is-layout-flow wp-block-column-is-layout-flow\" style=\"flex-basis:50%\">\n<ul class=\"wp-block-list\">\n<li>Descoper\u0103 comoara natural\u0103 unic\u0103 a jude\u021bului Harghita, mofetele, emisiile de gaze bogate \u00een dioxid de carbon care ies la suprafa\u021b\u0103 din ad\u00e2ncurile p\u0103m\u00e2ntului.<\/li>\n\n\n\n<li>Aceste <strong><em>\u201eb\u0103i uscate\u201d <\/em><\/strong>speciale sunt folosite \u00een principal pentru <em><strong>tratamentul problemelor cardiovasculare<\/strong><\/em>, deoarece <em><strong>stimuleaz\u0103 circula\u021bia s\u00e2ngelui<\/strong><\/em>, <em><strong>reduc hipertensiunea arterial\u0103<\/strong><\/em> \u0219i <em><strong>\u00eembun\u0103t\u0103\u021besc starea general\u0103 a circula\u021biei<\/strong><\/em>.<\/li>\n\n\n\n<li>Datorit\u0103 efectelor lor<em><strong> detoxifiante<\/strong><\/em>, sus\u021bin procesele naturale de vindecare ale organismului.<\/li>\n<\/ul>\n<\/div>\n<\/div>\n<\/div><\/div>\n<\/div><\/div>\n\n\n\n<ul class=\"wp-block-list\">\n<li>O mofet\u0103 este de fapt o &#8222;<strong>baie uscat\u0103&#8221;<\/strong> de CO2, un amestec de gaze care este diferit de aer \u0219i care, dac\u0103 este stocat \u00een bazine naturale sau artificiale, poate fi utilizat pentru b\u0103i terapeutice.<\/li>\n\n\n\n<li>Formarea mofetelor este legat\u0103 \u0219i de transformarea termic\u0103 a rocilor carbonatice din ad\u00e2ncuri. \u00cen \u021ainutul Secuiesc, de-a lungul liniilor de fractur\u0103, sunt frecvente emisiile bogate \u00een dioxid de carbon \u0219i hidrogen sulfurat, de-a lungul axei activit\u0103\u021bii vulcanice, gazele se infiltreaz\u0103 pe suprafe\u021be mari.<\/li>\n\n\n\n<li>Datorit\u0103 particularit\u0103\u021bilor geologice \u0219i tectonice ale regiunii, mofetele sunt frecvente \u00een partea de sud a Carpa\u021bilor Orientali, unde se g\u0103se\u0219te una dintre cele mai lungi lan\u021buri de vulcani din Europa. De asemenea, s-a eviden\u021biat leg\u0103tura fenomenului cu meteorologia: gazele din sol ajung la suprafa\u021b\u0103 datorit\u0103 re\u00eenc\u0103rc\u0103rii resurselor de ap\u0103 din precipita\u021bii, ceea ce demonstreaz\u0103 influen\u021ba meteorologiei.<\/li>\n\n\n\n<li>Mofetele joac\u0103 un rol important nu doar \u00een geologie, ci \u0219i \u00een cultura local\u0103, av\u00e2nd numeroase denumiri populare care se refer\u0103 la diferitele caracteristici ale fenomenului. \u00cen ceea ce prive\u0219te utilizarea mofetelor, exist\u0103 diferen\u021be: \u00een unele locuri r\u0103m\u00e2n \u00een starea lor natural\u0103, \u00een altele sunt oferite \u00een structuri simple pentru beneficiile lor terapeutice, iar unele facilit\u0103\u021bi turistice ofer\u0103 condi\u021bii civilizate pentru vizitatori.<\/li>\n\n\n\n<li>Metoda Covasna, care combin\u0103 tratamentele tradi\u021bionale cardiovasculare cu caracteristicile locale, precum mofeta \u0219i apa mineral\u0103, folose\u0219te cu succes aceast\u0103 resurs\u0103 natural\u0103. (Incze R\u00e9ka, Horv\u00e1th Alp\u00e1r, lansarea c\u0103r\u021bii, 2024)<\/li>\n\n\n\n<li>\u00cen jude\u021bul Harghita, mofetele se g\u0103sesc \u00een urm\u0103toarele localit\u0103\u021bi: Borsec, L\u0103z\u0103re\u0219ti (Baia de Mesteac\u0103n), Harghita B\u0103i, S\u00e2ncr\u0103ieni (Baia B\u00fcd\u00f6s), Jigodin B\u0103i, B\u0103ile Tu\u0219nad, L\u0103z\u0103re\u0219ti, Ciucani (Baia Adorj\u00e1n, Baia B\u00e1kay), S\u00e2nmartin (Groapa B\u00fcd\u00f6s de sub Baraj), Szejke. (vistharghita.ro)<\/li>\n\n\n\n<li>\u00cen jude\u021b, concentra\u021bia de CO2 dep\u0103\u0219e\u0219te 90%, iar gazele \u00eenso\u021bitoare pot fi radon \u0219i H2S, ceea ce este un aspect important \u00een balneologie.<\/li>\n\n\n\n<li><strong>Indica\u021bii terapeutice<\/strong>: cur\u0103 general\u0103, \u00eent\u0103rirea sistemului imunitar, boli articulare, prevenirea bolilor cardiovasculare, faza de regenerare, \u00eembun\u0103t\u0103\u021birea st\u0103rii de spirit, cre\u0219terea performan\u021bei, reducerea senza\u021biei de amor\u021beal\u0103 a picioarelor etc.<\/li>\n\n\n\n<li><strong>Contraindica\u021bii<\/strong>: sarcin\u0103, perioad\u0103 menstrual\u0103, boli tumorale, boal\u0103 cardiac\u0103 ischemic\u0103 etc.<\/li>\n<\/ul>\n\n\n\n<p><\/p>\n","protected":false},"excerpt":{"rendered":"<p>Mofete &#8211; Elixirul secret al vindec\u0103rii din jude\u021bul Harghita<\/p>\n","protected":false},"author":1,"featured_media":0,"parent":901,"menu_order":0,"comment_status":"closed","ping_status":"closed","template":"","meta":{"_coblocks_attr":"","_coblocks_dimensions":"","_coblocks_responsive_height":"","_coblocks_accordion_ie_support":"","_eb_attr":"","_uag_custom_page_level_css":"","advgb_blocks_editor_width":"","advgb_blocks_columns_visual_guide":"","neve_meta_sidebar":"","neve_meta_container":"","neve_meta_enable_content_width":"on","neve_meta_content_width":100,"neve_meta_title_alignment":"","neve_meta_author_avatar":"","neve_post_elements_order":"","neve_meta_disable_header":"","neve_meta_disable_footer":"","neve_meta_disable_title":"on","_themeisle_gutenberg_block_has_review":false,"footnotes":""},"class_list":["post-878","page","type-page","status-publish","hentry"],"uagb_featured_image_src":{"full":false,"thumbnail":false,"medium":false,"medium_large":false,"large":false,"1536x1536":false,"2048x2048":false,"neve-blog":false},"uagb_author_info":{"display_name":"admin","author_link":"https:\/\/smarted.smartonlineedu.com\/index.php\/author\/admin_8iq54gse\/"},"uagb_comment_info":0,"uagb_excerpt":"Mofete &#8211; Elixirul secret al vindec\u0103rii din jude\u021bul Harghita","coauthors":[],"author_meta":{"author_link":"https:\/\/smarted.smartonlineedu.com\/index.php\/author\/admin_8iq54gse\/","display_name":"admin"},"relative_dates":{"created":"Posted 2 \u00e9v ago","modified":"Updated 2 \u00e9v ago"},"absolute_dates":{"created":"Posted on j\u00falius 6, 2024","modified":"Updated on j\u00falius 24, 2024"},"absolute_dates_time":{"created":"Posted on j\u00falius 6, 2024 2:38 du.","modified":"Updated on j\u00falius 24, 2024 7:42 de."},"featured_img_caption":"","featured_img":false,"series_order":"","_links":{"self":[{"href":"https:\/\/smarted.smartonlineedu.com\/index.php\/wp-json\/wp\/v2\/pages\/878","targetHints":{"allow":["GET"]}}],"collection":[{"href":"https:\/\/smarted.smartonlineedu.com\/index.php\/wp-json\/wp\/v2\/pages"}],"about":[{"href":"https:\/\/smarted.smartonlineedu.com\/index.php\/wp-json\/wp\/v2\/types\/page"}],"author":[{"embeddable":true,"href":"https:\/\/smarted.smartonlineedu.com\/index.php\/wp-json\/wp\/v2\/users\/1"}],"replies":[{"embeddable":true,"href":"https:\/\/smarted.smartonlineedu.com\/index.php\/wp-json\/wp\/v2\/comments?post=878"}],"version-history":[{"count":2,"href":"https:\/\/smarted.smartonlineedu.com\/index.php\/wp-json\/wp\/v2\/pages\/878\/revisions"}],"predecessor-version":[{"id":1031,"href":"https:\/\/smarted.smartonlineedu.com\/index.php\/wp-json\/wp\/v2\/pages\/878\/revisions\/1031"}],"up":[{"embeddable":true,"href":"https:\/\/smarted.smartonlineedu.com\/index.php\/wp-json\/wp\/v2\/pages\/901"}],"wp:attachment":[{"href":"https:\/\/smarted.smartonlineedu.com\/index.php\/wp-json\/wp\/v2\/media?parent=878"}],"curies":[{"name":"wp","href":"https:\/\/api.w.org\/{rel}","templated":true}]}}