{"id":140,"date":"2024-05-05T18:23:35","date_gmt":"2024-05-05T18:23:35","guid":{"rendered":"https:\/\/solutions-hr.com\/?page_id=140"},"modified":"2024-07-06T15:31:50","modified_gmt":"2024-07-06T15:31:50","slug":"mofettak","status":"publish","type":"page","link":"https:\/\/smarted.smartonlineedu.com\/index.php\/termeszeti-gyogytenyezok\/mofettak\/","title":{"rendered":"Mofett\u00e1k &#8211; Hargita megye titkos gy\u00f3gyereje"},"content":{"rendered":"\n<h2 class=\"wp-block-heading\">Mofett\u00e1k &#8211; Hargita megye titkos gy\u00f3gyereje<\/h2>\n\n\n\n<div class=\"wp-block-cover alignfull is-light\" style=\"min-height:600px;aspect-ratio:unset;\"><span aria-hidden=\"true\" class=\"wp-block-cover__background has-nv-light-bg-background-color has-background-dim\"><\/span><img loading=\"lazy\" decoding=\"async\" width=\"257\" height=\"196\" class=\"wp-block-cover__image-background wp-image-109\" alt=\"\" src=\"https:\/\/smarted.smartonlineedu.com\/wp-content\/uploads\/2024\/04\/mofetta.jpg\" data-object-fit=\"cover\"\/><div class=\"wp-block-cover__inner-container is-layout-flow wp-block-cover-is-layout-flow\">\n<div class=\"wp-block-group\"><div class=\"wp-block-group__inner-container is-layout-flow wp-block-group-is-layout-flow\">\n<div class=\"wp-block-columns are-vertically-aligned-center is-layout-flex wp-container-core-columns-is-layout-9d6595d7 wp-block-columns-is-layout-flex\">\n<div class=\"wp-block-column is-vertically-aligned-center is-layout-flow wp-block-column-is-layout-flow\" style=\"flex-basis:50%\"><div class=\"wp-block-image size-large\">\n<figure class=\"aligncenter size-full is-resized\"><img loading=\"lazy\" decoding=\"async\" width=\"680\" height=\"480\" src=\"https:\/\/smarted.smartonlineedu.com\/wp-content\/uploads\/2024\/05\/mofettak.jpg\" alt=\"\" class=\"wp-image-210\" style=\"width:517px;height:auto\" srcset=\"https:\/\/smarted.smartonlineedu.com\/wp-content\/uploads\/2024\/05\/mofettak.jpg 680w, https:\/\/smarted.smartonlineedu.com\/wp-content\/uploads\/2024\/05\/mofettak-300x212.jpg 300w\" sizes=\"auto, (max-width: 680px) 100vw, 680px\" \/><figcaption class=\"wp-element-caption\"><strong>Forr\u00e1s: <\/strong><a href=\"https:\/\/visitharghita.ro\/\" data-type=\"link\" data-id=\"https:\/\/visitharghita.ro\/\" target=\"_blank\" rel=\"noreferrer noopener\"><kbd>visitharghita<\/kbd><\/a><\/figcaption><\/figure>\n<\/div><\/div>\n\n\n\n<div class=\"wp-block-column is-vertically-aligned-center is-layout-flow wp-block-column-is-layout-flow\" style=\"flex-basis:50%\">\n<ul class=\"wp-block-list\">\n<li>Fedezd fel Hargita megye k\u00fcl\u00f6nleges <strong>term\u00e9szeti kincs\u00e9t<\/strong>, a mofett\u00e1kat, amik a f\u00f6ld m\u00e9ly\u00e9r\u0151l felsz\u00ednre t\u00f6r\u0151 sz\u00e9n-dioxidban gazdag g\u00e1zki\u00f6ml\u00e9sek.<\/li>\n\n\n\n<li>Ezeket a k\u00fcl\u00f6nleges <strong>&#8222;sz\u00e1razf\u00fcrd\u0151ket&#8221;<\/strong> els\u0151sorban <em><strong>sz\u00edv- \u00e9s \u00e9rrendszeri <\/strong>probl\u00e9m\u00e1k<\/em> kezel\u00e9s\u00e9re haszn\u00e1lj\u00e1k, hiszen <em><strong>serkentik a v\u00e9rkering\u00e9st<\/strong>, <strong>c<\/strong><\/em><strong><em>s\u00f6kkentik a magas v\u00e9rnyom\u00e1st<\/em>,<\/strong> \u00e9s jav\u00edtj\u00e1k az \u00e1ltal\u00e1nos kering\u00e9si \u00e1llapotot. <\/li>\n\n\n\n<li>A <strong><em>m\u00e9regtelen\u00edt\u0151 <\/em><\/strong>hat\u00e1suk r\u00e9v\u00e9n t\u00e1mogatj\u00e1k a szervezet term\u00e9szetes gy\u00f3gyul\u00e1si folyamatait.<\/li>\n<\/ul>\n<\/div>\n<\/div>\n<\/div><\/div>\n<\/div><\/div>\n\n\n\n<ul class=\"wp-block-list\">\n<li>A mofetta tulajdonk\u00e9ppen egy CO2 <strong>sz\u00e1raz f\u0171rd\u0151<\/strong>, egy g\u00e1z elegy, ami elt\u00e9r\u0151 a leveg\u0151t\u0151l \u00e9s ezt ha term\u00e9szetes vagy mesters\u00e9ges medenc\u00e9kben t\u00e1roljuk, f\u0171rd\u0151z\u00e9sre alkalmas.<\/li>\n\n\n\n<li>A mofett\u00e1k kialakul\u00e1sa a m\u00e9lyben l\u00e9v\u0151 karbon\u00e1tos k\u0151zetek termikus \u00e1talakul\u00e1s\u00e1val is \u00f6sszef\u00fcgg. Sz\u00e9kelyf\u00f6ld\u00f6n, a t\u00f6r\u00e9svonalak ment\u00e9n b\u0151ven el\u0151fordulnak a sz\u00e9n-dioxidban \u00e9s k\u00e9n-hidrog\u00e9nben gazdag ki\u00f6ml\u00e9sek, a vulk\u00e1ni aktivit\u00e1s tengelyvonala ment\u00e9n a g\u00e1zok nagy ter\u00fcleten sziv\u00e1rognak a felsz\u00ednre. <\/li>\n\n\n\n<li>A t\u00e9rs\u00e9g geol\u00f3giai \u00e9s tektonikai saj\u00e1toss\u00e1gai miatt a Keleti-K\u00e1rp\u00e1tok d\u00e9li r\u00e9sz\u00e9n gyakoriak a mofett\u00e1k, ahol mondhatni, hogy Eur\u00f3pa egyik leghosszabb egybef\u00fcgg\u0151 t\u0171zh\u00e1ny\u00f3 l\u00e1nca tal\u00e1lhat\u00f3. A jelens\u00e9g meteorol\u00f3giai \u00f6sszef\u00fcgg\u00e9seire is r\u00e1mutattak: a talajg\u00e1zok a v\u00edzk\u00e9szletek csapad\u00e9kb\u00f3l t\u00f6rt\u00e9n\u0151 ut\u00e1np\u00f3tl\u00e1s\u00e1nak k\u00f6sz\u00f6nhet\u0151en t\u00f6rnek a felsz\u00ednre, ami bizony\u00edtja a meteorol\u00f3gia hat\u00e1s\u00e1t.<\/li>\n\n\n\n<li>A mofett\u00e1k nemcsak a geol\u00f3giai, hanem a helyi kult\u00far\u00e1ban is fontos szerepet t\u00f6ltenek be, sokf\u00e9le n\u00e9pi megnevez\u00e9ssel illetve, amelyek a jelens\u00e9g k\u00fcl\u00f6nb\u00f6z\u0151 tulajdons\u00e1gaira utalnak. A mofett\u00e1k hasznos\u00edt\u00e1sa ter\u00e9n k\u00fcl\u00f6nbs\u00e9gek vannak: egyes helyeken csak term\u00e9szetes \u00e1llapotban maradnak, m\u00e1sutt egyszer\u0171 \u00e9p\u00edtm\u00e9nyekben gy\u00f3gyhat\u00e1sukat k\u00edn\u00e1lj\u00e1k, n\u00e9mely turisztikai l\u00e9tes\u00edtm\u00e9nyek pedig kultur\u00e1lt felt\u00e9telekkel v\u00e1rj\u00e1k a vend\u00e9geket.<\/li>\n\n\n\n<li> A Kov\u00e1szna-m\u00f3dszer, amely a hagyom\u00e1nyos sz\u00edv- \u00e9s \u00e9rrendszeri kezel\u00e9seket \u00f6tv\u00f6zi a helyi jellegzetess\u00e9gekkel, p\u00e9ld\u00e1ul a mofett\u00e1val \u00e9s a borv\u00edzzel, sikeresen alkalmazza ezt a term\u00e9szeti er\u0151forr\u00e1st. (Incze R\u00e9ka, Horv\u00e1th Alp\u00e1r k\u00f6nyvbemutat\u00f3, 2024)<\/li>\n\n\n\n<li>Hargita megy\u00e9ben a k\u00f6vetkez\u0151 telep\u00fcl\u00e9seken tal\u00e1lhat\u00f3k mofett\u00e1k: Borsz\u00e9k, L\u00e1z\u00e1rfalva (Ny\u00edrf\u0171rd\u0151), Hargitaf\u0171rd\u0151, Cs\u00edkszentimre (B\u00fcd\u0151sf\u0171rd\u0151), Zs\u00f6g\u00f6df\u00fcrd\u0151, Tusn\u00e1df\u00fcrd\u0151, L\u00e1z\u00e1rfalva, Cs\u00edkb\u00e1nkfalva (Adorj\u00e1n-f\u00fcrd\u0151, B\u00e1kay f\u00fcrd\u0151), Cs\u00edkszentgy\u00f6rgy (G\u00e1t alatti B\u00fcd\u00f6sg\u00f6d\u00f6r), Szejke. (vistharghita.ro)<\/li>\n\n\n\n<li>A megy\u00e9ben a Co2 koncentr\u00e1ci\u00f3 meghaladja a 90%-ot, kis\u00e9r\u0151 g\u00e1zok pedig lehetnek radon \u00e9s SH, amely balenol\u00f3giai vonatkoz\u00e1sban egy kiemelhet\u0151 szempont.<\/li>\n\n\n\n<li><strong>Ter\u00e1piai javallatok<\/strong>: \u00e1ltal\u00e1nos k\u00fara, immunrendszer er\u0151s\u00edt\u0151, iz\u00fcleti betegs\u00e9gek, sz\u00edv-\u00e9rrendszeri betegs\u00e9gek prevenci\u00f3ja, regener\u00e1ci\u00f3s szakasz, ked\u00e9ly\u00e1llapot javul\u00e1sa, teljes\u00edt\u0151k\u00e9pess\u00e9g n\u00f6veked\u00e9se, l\u00e1bzsibbad\u00e1s \u00e9rzet\u00e9nek cs\u00f6kken\u00e9se stb.<\/li>\n\n\n\n<li><strong>Ellenjavallatok<\/strong>: v\u00e1rand\u00f3s \u00e1llapot, menstru\u00e1ci\u00f3s id\u0151szak, daganatos megbeteged\u00e9sek, iszk\u00e9mi\u00e1s sz\u00edvbetegs\u00e9g stb.<\/li>\n<\/ul>\n\n\n\n<p><\/p>\n","protected":false},"excerpt":{"rendered":"<p>Mofett\u00e1k &#8211; Hargita megye titkos gy\u00f3gyereje<\/p>\n","protected":false},"author":1,"featured_media":0,"parent":8,"menu_order":0,"comment_status":"closed","ping_status":"closed","template":"","meta":{"_coblocks_attr":"","_coblocks_dimensions":"","_coblocks_responsive_height":"","_coblocks_accordion_ie_support":"","_eb_attr":"","_uag_custom_page_level_css":"","advgb_blocks_editor_width":"","advgb_blocks_columns_visual_guide":"","neve_meta_sidebar":"","neve_meta_container":"","neve_meta_enable_content_width":"on","neve_meta_content_width":100,"neve_meta_title_alignment":"","neve_meta_author_avatar":"","neve_post_elements_order":"","neve_meta_disable_header":"","neve_meta_disable_footer":"","neve_meta_disable_title":"on","_themeisle_gutenberg_block_has_review":false,"footnotes":""},"class_list":["post-140","page","type-page","status-publish","hentry"],"uagb_featured_image_src":{"full":false,"thumbnail":false,"medium":false,"medium_large":false,"large":false,"1536x1536":false,"2048x2048":false,"neve-blog":false},"uagb_author_info":{"display_name":"admin","author_link":"https:\/\/smarted.smartonlineedu.com\/index.php\/author\/admin_8iq54gse\/"},"uagb_comment_info":0,"uagb_excerpt":"Mofett\u00e1k &#8211; Hargita megye titkos gy\u00f3gyereje","coauthors":[],"author_meta":{"author_link":"https:\/\/smarted.smartonlineedu.com\/index.php\/author\/admin_8iq54gse\/","display_name":"admin"},"relative_dates":{"created":"Posted 2 \u00e9v ago","modified":"Updated 2 \u00e9v ago"},"absolute_dates":{"created":"Posted on m\u00e1jus 5, 2024","modified":"Updated on j\u00falius 6, 2024"},"absolute_dates_time":{"created":"Posted on m\u00e1jus 5, 2024 6:23 du.","modified":"Updated on j\u00falius 6, 2024 3:31 du."},"featured_img_caption":"","featured_img":false,"series_order":"","_links":{"self":[{"href":"https:\/\/smarted.smartonlineedu.com\/index.php\/wp-json\/wp\/v2\/pages\/140","targetHints":{"allow":["GET"]}}],"collection":[{"href":"https:\/\/smarted.smartonlineedu.com\/index.php\/wp-json\/wp\/v2\/pages"}],"about":[{"href":"https:\/\/smarted.smartonlineedu.com\/index.php\/wp-json\/wp\/v2\/types\/page"}],"author":[{"embeddable":true,"href":"https:\/\/smarted.smartonlineedu.com\/index.php\/wp-json\/wp\/v2\/users\/1"}],"replies":[{"embeddable":true,"href":"https:\/\/smarted.smartonlineedu.com\/index.php\/wp-json\/wp\/v2\/comments?post=140"}],"version-history":[{"count":13,"href":"https:\/\/smarted.smartonlineedu.com\/index.php\/wp-json\/wp\/v2\/pages\/140\/revisions"}],"predecessor-version":[{"id":213,"href":"https:\/\/smarted.smartonlineedu.com\/index.php\/wp-json\/wp\/v2\/pages\/140\/revisions\/213"}],"up":[{"embeddable":true,"href":"https:\/\/smarted.smartonlineedu.com\/index.php\/wp-json\/wp\/v2\/pages\/8"}],"wp:attachment":[{"href":"https:\/\/smarted.smartonlineedu.com\/index.php\/wp-json\/wp\/v2\/media?parent=140"}],"curies":[{"name":"wp","href":"https:\/\/api.w.org\/{rel}","templated":true}]}}